{"id":244,"date":"2026-02-05T23:12:38","date_gmt":"2026-02-05T22:12:38","guid":{"rendered":"http:\/\/cecare.servicesit.eu\/?page_id=244"},"modified":"2026-04-15T20:39:26","modified_gmt":"2026-04-15T18:39:26","slug":"le-hoopers","status":"publish","type":"page","link":"https:\/\/clubcecare.fr\/?page_id=244","title":{"rendered":"Le Hoopers"},"content":{"rendered":"\n<figure class=\"wp-block-gallery has-nested-images columns-default is-cropped wp-block-gallery-1 is-layout-flex wp-block-gallery-is-layout-flex\">\n<figure class=\"wp-block-image size-large\"><img loading=\"lazy\" decoding=\"async\" width=\"1024\" height=\"729\" data-id=\"246\" src=\"https:\/\/clubcecare.fr\/wp-content\/uploads\/2026\/02\/518958695_30912593521659276_7846523909249892253_n-1024x729.jpg\" alt=\"\" class=\"wp-image-246\" srcset=\"https:\/\/clubcecare.fr\/wp-content\/uploads\/2026\/02\/518958695_30912593521659276_7846523909249892253_n-1024x729.jpg 1024w, https:\/\/clubcecare.fr\/wp-content\/uploads\/2026\/02\/518958695_30912593521659276_7846523909249892253_n-300x214.jpg 300w, https:\/\/clubcecare.fr\/wp-content\/uploads\/2026\/02\/518958695_30912593521659276_7846523909249892253_n-768x547.jpg 768w, https:\/\/clubcecare.fr\/wp-content\/uploads\/2026\/02\/518958695_30912593521659276_7846523909249892253_n-1536x1094.jpg 1536w, https:\/\/clubcecare.fr\/wp-content\/uploads\/2026\/02\/518958695_30912593521659276_7846523909249892253_n.jpg 1656w\" sizes=\"auto, (max-width: 1024px) 100vw, 1024px\" \/><\/figure>\n\n\n\n<figure class=\"wp-block-image size-large\"><img loading=\"lazy\" decoding=\"async\" width=\"1024\" height=\"763\" data-id=\"245\" src=\"https:\/\/clubcecare.fr\/wp-content\/uploads\/2026\/02\/20260203_161836-Copy-1024x763.jpg\" alt=\"\" class=\"wp-image-245\" srcset=\"https:\/\/clubcecare.fr\/wp-content\/uploads\/2026\/02\/20260203_161836-Copy-1024x763.jpg 1024w, https:\/\/clubcecare.fr\/wp-content\/uploads\/2026\/02\/20260203_161836-Copy-300x223.jpg 300w, https:\/\/clubcecare.fr\/wp-content\/uploads\/2026\/02\/20260203_161836-Copy-768x572.jpg 768w, https:\/\/clubcecare.fr\/wp-content\/uploads\/2026\/02\/20260203_161836-Copy-1536x1144.jpg 1536w, https:\/\/clubcecare.fr\/wp-content\/uploads\/2026\/02\/20260203_161836-Copy.jpg 1588w\" sizes=\"auto, (max-width: 1024px) 100vw, 1024px\" \/><\/figure>\n\n\n\n<figure class=\"wp-block-image size-large\"><img loading=\"lazy\" decoding=\"async\" width=\"1024\" height=\"712\" data-id=\"247\" src=\"https:\/\/clubcecare.fr\/wp-content\/uploads\/2026\/02\/518591821_30912593881659240_3622767408175964185_n-1024x712.jpg\" alt=\"\" class=\"wp-image-247\" srcset=\"https:\/\/clubcecare.fr\/wp-content\/uploads\/2026\/02\/518591821_30912593881659240_3622767408175964185_n-1024x712.jpg 1024w, https:\/\/clubcecare.fr\/wp-content\/uploads\/2026\/02\/518591821_30912593881659240_3622767408175964185_n-300x209.jpg 300w, https:\/\/clubcecare.fr\/wp-content\/uploads\/2026\/02\/518591821_30912593881659240_3622767408175964185_n-768x534.jpg 768w, https:\/\/clubcecare.fr\/wp-content\/uploads\/2026\/02\/518591821_30912593881659240_3622767408175964185_n-1536x1068.jpg 1536w, https:\/\/clubcecare.fr\/wp-content\/uploads\/2026\/02\/518591821_30912593881659240_3622767408175964185_n.jpg 1552w\" sizes=\"auto, (max-width: 1024px) 100vw, 1024px\" \/><\/figure>\n<\/figure>\n\n\n\n<p><strong>Qu\u2019est ce que le Hoopers ?<\/strong><\/p>\n\n\n\n<div class=\"wp-block-columns is-layout-flex wp-container-core-columns-is-layout-28f84493 wp-block-columns-is-layout-flex\">\n<div class=\"wp-block-column is-layout-flow wp-block-column-is-layout-flow\" style=\"flex-basis:66.66%\">\n<p>Ainsi nomm\u00e9 en raison de son obstacle principal, le \u00ab hoop \u00bb (cerceau, en anglais), le hoopers est une activit\u00e9 directement inspir\u00e9e de l\u2019agility et n\u00e9e de la volont\u00e9 de rendre son parcours accessible \u00e0 toutes les mobilit\u00e9s humaines et canines.<br><br>Outre ses obstacles sp\u00e9cifiques et plus homog\u00e8nes, deux aspects principaux diff\u00e8rent donc le hoopers de l\u2019agility&nbsp;:<\/p>\n\n\n\n<ul class=\"wp-block-list\">\n<li>Aucun saut n\u2019est \u00e0 effectuer.<\/li>\n\n\n\n<li>Le propri\u00e9taire ne se d\u00e9place pas avec son chien.<\/li>\n<\/ul>\n<\/div>\n\n\n\n<div class=\"wp-block-column has-background is-layout-flow wp-block-column-is-layout-flow\" style=\"background-color:#7b5b45;padding-top:5px;padding-right:5px;padding-bottom:5px;padding-left:5px;flex-basis:33.33%\">\n<p class=\"has-text-color has-link-color wp-elements-03d5cc06f77660579a8ce73ad18d2db1\" style=\"color:#f6f4ee\"><strong>Le cartable du chien<\/strong><\/p>\n\n\n\n<p class=\"has-text-color has-link-color wp-elements-9f4066e6c6c81dd507e9efb7f29ba373\" style=\"color:#f6f4ee\">Pour venir au cours, votre chien doit avoir&nbsp;:<\/p>\n\n\n\n<ul class=\"wp-block-list\">\n<li class=\"has-secondary-third-color has-text-color has-link-color wp-elements-a6f06e9c68af66fa28a56dc2c1cc09c5\" style=\"padding-right:10px;padding-left:10px\">1 laisse de 110 cm<\/li>\n\n\n\n<li class=\"has-secondary-third-color has-text-color has-link-color wp-elements-25b77e3d18291ff86ff246f49c9b36b6\" style=\"padding-right:10px;padding-left:10px\">1 collier plat<\/li>\n\n\n\n<li class=\"has-secondary-third-color has-text-color has-link-color wp-elements-e59c833cd32b4ee90e808ba48f2ba1ad\" style=\"padding-right:10px;padding-left:10px\">1 gamelle avec de l\u2019eau<\/li>\n\n\n\n<li class=\"has-secondary-third-color has-text-color has-link-color wp-elements-f8a377e1a02e0d927af26ae9ebe5e02b\" style=\"padding-right:10px;padding-left:10px\">1 jouet<\/li>\n\n\n\n<li class=\"has-secondary-third-color has-text-color has-link-color wp-elements-037cb62d976c1d85254f4b111ce9092d\" style=\"padding-right:10px;padding-left:10px\">des friandises<\/li>\n\n\n\n<li class=\"has-secondary-third-color has-text-color has-link-color wp-elements-fbc3ddd837b6017ca18e944f985b3b7e\" style=\"padding-right:10px;padding-left:10px\">des poches \u00e0 d\u00e9jections<\/li>\n<\/ul>\n\n\n\n<p class=\"has-text-color has-link-color wp-elements-b95e85331b4f35947a3ee7df06048733\" style=\"color:#f6f4ee\">Le ma\u00eetre doit \u00eatre muni des documents du chien.<\/p>\n<\/div>\n<\/div>\n\n\n\n<p>Le principe du hoopers est de guider son chien \u00e0 distance sur un parcours d\u2019obstacles, que sont&nbsp;:<\/p>\n\n\n\n<ul class=\"wp-block-list\">\n<li><strong>les hoops<\/strong>, de larges arceaux \u00e0 traverser<\/li>\n\n\n\n<li><strong>les tunnels<\/strong>, courts d\u2019un m\u00e8tre et en ligne droite<\/li>\n\n\n\n<li><strong>les barils<\/strong>, sorte de tonneaux \u00e0 contourner<\/li>\n\n\n\n<li><strong>les gates<\/strong>, des treillis guidant la direction du chien<\/li>\n<\/ul>\n\n\n\n<p>\u00c0 l\u2019exception du premier et du dernier obstacle, qui sont obligatoirement des hoops, la disposition de ces obstacles n\u2019est pas fig\u00e9e afin de ne cr\u00e9er aucune habitude chez le chien. Elle doit toutefois \u00eatre pens\u00e9e de mani\u00e8re spacieuse afin de permettre des trajectoires amples et fluides.<\/p>\n\n\n\n<p><strong>Seules les commandes verbales et gestuelles sont autoris\u00e9es<\/strong>\u00a0pour donner \u00e0 son chien l\u2019ordre et la direction de passage de chaque obstacle, puisque\u00a0<strong>le conducteur est assign\u00e9 \u00e0 une \u00ab\u00a0zone de conduite\u00a0\u00bb<\/strong>\u00a0qu\u2019il ne doit pas quitter. C\u2019est toute la difficult\u00e9 et l\u2019accessibilit\u00e9 du hoopers, qui n\u00e9cessite une coop\u00e9ration parfaite entre le chien et son humain, mais qui\u00a0<strong>permet autant aux personnes valides qu\u2019aux personnes \u00e0 mobilit\u00e9 r\u00e9duite de participer<\/strong>\u00a0!<\/p>\n\n\n\n<p>Les chiens sont \u00e9galement concern\u00e9s par cette inclusivit\u00e9 :&nbsp;<strong>l\u2019absence de sauts pr\u00e9servant leurs articulations, les jeunes comme les seniors peuvent y participer<\/strong>. Le hoopers est m\u00eame un tr\u00e8s bon moyen d\u2019am\u00e9liorer leur proprioception (la perception de leur corps dans l\u2019espace) et de les stimuler en douceur, physiquement comme mentalement.<\/p>\n\n\n\n<p><strong>D\u00e9buter en hoopers<\/strong><\/p>\n\n\n\n<p>Pour d\u00e9buter en hoopers, il vous faudra commencer par familiariser votre chien aux diff\u00e9rents obstacles, et les&nbsp;<strong>associer \u00e0 des commandes vocales<\/strong>. Il en faudra notamment&nbsp;:<\/p>\n\n\n\n<ul class=\"wp-block-list\">\n<li>pour les hoops (ex&nbsp;: \u00ab&nbsp;passe&nbsp;\u00bb, \u00ab&nbsp;dessous&nbsp;\u00bb)<\/li>\n\n\n\n<li>pour les tunnels (ex&nbsp;: \u00ab&nbsp;tunnel&nbsp;\u00bb, \u00ab&nbsp;dedans&nbsp;\u00bb)<\/li>\n\n\n\n<li>pour les barils (ex&nbsp;: \u00ab&nbsp;autour&nbsp;\u00bb,&nbsp;\u00ab&nbsp;derri\u00e8re&nbsp;\u00bb)<\/li>\n<\/ul>\n\n\n\n<p>Ainsi que&nbsp;:<\/p>\n\n\n\n<ul class=\"wp-block-list\">\n<li>pour le positionner sur le d\u00e9part (ex&nbsp;: \u00ab&nbsp;reste&nbsp;\u00bb, \u00ab&nbsp;tu attends&nbsp;\u00bb,&nbsp;\u00ab&nbsp;pas bouger&nbsp;\u00bb) ;<\/li>\n\n\n\n<li>pour lancer la partie (ex&nbsp;: \u00ab&nbsp;go&nbsp;\u00bb, \u00ab&nbsp;top&nbsp;\u00bb, \u00ab&nbsp;c\u2019est parti&nbsp;\u00bb) ;<\/li>\n\n\n\n<li>pour donner les directions (ex&nbsp;: \u00ab&nbsp;droite&nbsp;\u00bb, \u00ab&nbsp;gauche&nbsp;\u00bb,&nbsp;\u00ab&nbsp;devant&nbsp;\u00bb).<\/li>\n<\/ul>\n\n\n\n<p>L\u2019objectif du hoopers \u00e9tant de&nbsp;<strong>faire travailler le chien en autonomie<\/strong>, il faut \u00e9viter autant que faire se peut de l\u2019accompagner sur la piste d\u2019obstacles. L\u2019id\u00e9al pour commencer est donc plut\u00f4t de placer vos obstacles sur un cercle rapproch\u00e9 autour de votre zone de conduite, pour permettre une proximit\u00e9 sans qu\u2019elle ne soit envahissante.<\/p>\n\n\n\n<p><strong>Le hoopers en comp\u00e9tition<\/strong><\/p>\n\n\n\n<p>En comp\u00e9tition de hoopers, les obstacles sont num\u00e9rot\u00e9s et r\u00e9partis sur un&nbsp;<strong>terrain plat de 20 x 30 m<\/strong>. Les conducteurs ont 5 minutes avant le d\u00e9but de l\u2019\u00e9preuve pour reconna\u00eetre le d\u00e9roul\u00e9 du parcours.<\/p>\n\n\n\n<p>Les \u00e9quipes d\u00e9butent avec le nombre maximum de 200 points, le nombre de fautes est illimit\u00e9. Une faute = 5 points:<\/p>\n\n\n\n<ul class=\"wp-block-list\">\n<li>Le conducteur touche le chien<\/li>\n\n\n\n<li>Le conducteur touche un agr\u00e8s<\/li>\n\n\n\n<li>Le chien fait tomber un agr\u00e8s qui ne doit pas \u00eatre repris.<\/li>\n\n\n\n<li>Le chien bouge un agr\u00e8s (qui ne doit pas \u00eatre repris ) provoquant le d\u00e9placement de ce dernier, avec modification de trajectoire.<\/li>\n\n\n\n<li>N0, &#8211; Le conducteur met un pied (m\u00eame partiellement) en dehors de la zone de conduite (2 fois autoris\u00e9es, la 3\u00e8me fois il est disqualifi\u00e9)<\/li>\n\n\n\n<li>N0 : le chien va \u00e0 son ma\u00eetre dans la zone de conduite pendant le parcours. (2 fois autoris\u00e9es, la 3\u00e8me fois il est disqualifi\u00e9)<\/li>\n\n\n\n<li>Le chien s\u2019arr\u00eate sur le parcours plus de 3 secondes.<\/li>\n\n\n\n<li>Le chien saute par-dessus l\u2019agr\u00e8s \u00e0 prendre.<\/li>\n\n\n\n<li>Le chien passe \u00e0 c\u00f4t\u00e9 d&rsquo;un agr\u00e8s sans le prendre et prend l&rsquo;agr\u00e8s suivant = 1 faute par agr\u00e8s non pris.<\/li>\n<\/ul>\n\n\n\n<p> On peut \u00eatre disqualifi\u00e9 si par exemple le conducteur met un pied sur ou hors de la Zone De Conduite, le chien part avant le d\u00e9part, le chien prend un agr\u00e8s dans le mauvais sens&#8230;<\/p>\n\n\n\n<p>L\u2019objectif est ainsi de conserver le maximum de points, sans d\u00e9passer le temps imparti par le commissaire de la comp\u00e9tition pour effectuer le parcours.<\/p>\n\n\n\n<p>Des qualificatifs sont ensuite attribu\u00e9s en fonction du nombre de points obtenus et participent \u00e0 d\u00e9terminer le classement<\/p>\n\n\n\n<p>\u00c0 noter qu\u2019en France, il existe quatre niveaux de comp\u00e9tition pour le hoopers, qui influent sur&nbsp;:<\/p>\n\n\n\n<ul class=\"wp-block-list\">\n<li>le nombre d\u2019obstacles (10 \u00e0 25)<\/li>\n\n\n\n<li>la distance entre les obstacles (4 \u00e0 14\u00a0m)<\/li>\n\n\n\n<li>la surface de la zone de conduite (3x3m ou 2x2m selon niveau)<\/li>\n\n\n\n<li>la distance maximum entre le conducteur et le chien (8\u00a0\u00e0 20\u00a0m)<\/li>\n\n\n\n<li>le temps maximum imparti<\/li>\n<\/ul>\n\n\n\n<p>Par ailleurs, le chien doit \u00eatre \u00e2g\u00e9 de 15 mois minimum pour participer \u00e0 une comp\u00e9tition officielle de hoopers.<\/p>\n\n\n\n<hr class=\"wp-block-separator has-alpha-channel-opacity\"\/>\n\n\n\n<p class=\"has-background\" style=\"background-color:#a99182\">R\u00e9server votre cours:<\/p>\n\n\n<p>Connecte-toi pour voir tes r\u00e9servations.<\/p>\n\n\n\n<hr class=\"wp-block-separator has-alpha-channel-opacity\"\/>\n\n\n<style>\n.apa-member-week a,\n.apa-member-week a:visited,\n.apa-member-week a:hover,\n.apa-member-week a:focus {\n    color: #000 !important;\n}\n.apa-member-week .button,\n.apa-member-week .button:visited,\n.apa-member-week .button:hover,\n.apa-member-week .button:focus {\n    color: #000 !important;\n}\n<\/style><div class=\"apa-member-week\" id=\"apa-member-week\"><div style=\"display:flex;justify-content:space-between;align-items:center;gap:12px;flex-wrap:wrap;margin-bottom:12px;\"><h3 style=\"margin:0;font-size:22px;line-height:1.2;\">Planning adh\u00e9rents \u2013 vue semaine<\/h3><div style=\"display:flex;gap:8px;align-items:center;flex-wrap:wrap;\"><a class=\"button\" href=\"https:\/\/clubcecare.fr\/?page_id=244&#038;apa_member_week=2026-04-06#apa-member-week\"><span style=\"color:#000;\">\u2190 Semaine pr\u00e9c\u00e9dente<\/span><\/a><strong style=\"font-size:14px;\">13\/04\/2026 \u2192 19\/04\/2026<\/strong><a class=\"button\" href=\"https:\/\/clubcecare.fr\/?page_id=244&#038;apa_member_week=2026-04-20#apa-member-week\"><span style=\"color:#000;\">Semaine suivante \u2192<\/span><\/a><\/div><\/div><p style=\"margin:0 0 12px 0;font-size:13px;\">R\u00e9servation autoris\u00e9e jusqu\u2019\u00e0 <strong>30 jour(s)<\/strong> \u00e0 l\u2019avance.<\/p><p>Aucun cr\u00e9neau adh\u00e9rent sur cette semaine.<\/p><\/div>\n\n\n\n<p><\/p>\n","protected":false},"excerpt":{"rendered":"<p>Qu\u2019est ce que le Hoopers ? Ainsi nomm\u00e9 en raison de son obstacle principal, le \u00ab hoop \u00bb (cerceau, en anglais), le hoopers est une activit\u00e9 directement inspir\u00e9e de l\u2019agility et n\u00e9e de la volont\u00e9 de rendre son parcours accessible \u00e0 toutes les mobilit\u00e9s humaines et canines. Outre ses obstacles sp\u00e9cifiques et plus homog\u00e8nes, deux [&hellip;]<\/p>\n","protected":false},"author":1,"featured_media":0,"parent":0,"menu_order":0,"comment_status":"closed","ping_status":"closed","template":"page-with-no-sidebar","meta":{"footnotes":""},"class_list":["post-244","page","type-page","status-publish","hentry"],"_links":{"self":[{"href":"https:\/\/clubcecare.fr\/index.php?rest_route=\/wp\/v2\/pages\/244","targetHints":{"allow":["GET"]}}],"collection":[{"href":"https:\/\/clubcecare.fr\/index.php?rest_route=\/wp\/v2\/pages"}],"about":[{"href":"https:\/\/clubcecare.fr\/index.php?rest_route=\/wp\/v2\/types\/page"}],"author":[{"embeddable":true,"href":"https:\/\/clubcecare.fr\/index.php?rest_route=\/wp\/v2\/users\/1"}],"replies":[{"embeddable":true,"href":"https:\/\/clubcecare.fr\/index.php?rest_route=%2Fwp%2Fv2%2Fcomments&post=244"}],"version-history":[{"count":3,"href":"https:\/\/clubcecare.fr\/index.php?rest_route=\/wp\/v2\/pages\/244\/revisions"}],"predecessor-version":[{"id":338,"href":"https:\/\/clubcecare.fr\/index.php?rest_route=\/wp\/v2\/pages\/244\/revisions\/338"}],"wp:attachment":[{"href":"https:\/\/clubcecare.fr\/index.php?rest_route=%2Fwp%2Fv2%2Fmedia&parent=244"}],"curies":[{"name":"wp","href":"https:\/\/api.w.org\/{rel}","templated":true}]}}