{"id":431,"date":"2026-04-16T19:34:09","date_gmt":"2026-04-16T17:34:09","guid":{"rendered":"https:\/\/clubcecare.fr\/?page_id=431"},"modified":"2026-04-17T11:15:21","modified_gmt":"2026-04-17T09:15:21","slug":"inscriptions-au-club","status":"publish","type":"page","link":"https:\/\/clubcecare.fr\/?page_id=431","title":{"rendered":"Inscriptions au club"},"content":{"rendered":"\n<p>Bienvenue sur notre page d\u00e9di\u00e9e aux inscriptions au club.<br>Vous trouverez ici toutes les informations utiles pour pr\u00e9parer votre dossier et t\u00e9l\u00e9charger les documents n\u00e9cessaires.<\/p>\n\n\n\n<p>L\u2019objectif est de vous permettre de r\u00e9aliser votre inscription simplement, avec toutes les pi\u00e8ces demand\u00e9es r\u00e9unies au m\u00eame endroit.<\/p>\n\n\n\n<p>Avant tout inscription d\u00e9finitive, nous vous proposons 2 cours d&rsquo;essai afin de vous familiariser avec nos moniteurs et notre environnement.<\/p>\n\n\n\n<h2 class=\"wp-block-heading\">Protocole d\u2019inscription<\/h2>\n\n\n\n<p>Pour vous inscrire, merci de suivre les \u00e9tapes ci-dessous.<br>Le tarif annuel est indiqu\u00e9 dans le formulaire d&rsquo;adh\u00e9sion.<\/p>\n\n\n\n<h3 class=\"wp-block-heading has-secondary-third-color has-text-color has-background has-link-color has-medium-font-size wp-elements-ee981262112f0f3653d1e48fc58949c5\" style=\"background-color:#7b5b45\">1. Prendre connaissance des informations du club<\/h3>\n\n\n\n<p>Avant toute inscription, nous vous invitons \u00e0 consulter les conditions d\u2019accueil, le fonctionnement du club ainsi que les activit\u00e9s propos\u00e9es.<\/p>\n\n\n\n<div class=\"wp-block-file has-primary-background-color has-background has-link-color wp-elements-d14c583562cd2feae9dbdd0388eb0578\" style=\"border-width:1px;margin-right:0;margin-left:0;padding-top:0;padding-right:var(--wp--preset--spacing--30);padding-bottom:0;padding-left:var(--wp--preset--spacing--30)\"><a id=\"wp-block-file--media-cc2a66dc-2726-4582-bd0a-d5bdf6118a10\" href=\"https:\/\/clubcecare.fr\/wp-content\/uploads\/2026\/04\/reglement-de-fonctionnementV2-1.pdf\" target=\"_blank\" rel=\"noreferrer noopener\">Prendre connaissance du \u00ab\u00a0<em>R\u00e8glement de fonctionnement<\/em>\u00ab\u00a0<\/a><\/div>\n\n\n\n<p><\/p>\n\n\n\n<h3 class=\"wp-block-heading has-secondary-third-color has-text-color has-background has-link-color has-medium-font-size wp-elements-539c5d982b5acab396ab986d560d2a0c\" style=\"background-color:#7b5b45\">2. Compl\u00e9ter les documents demand\u00e9s<\/h3>\n\n\n\n<p>Merci de remplir soigneusement les formulaires n\u00e9cessaires \u00e0 l\u2019inscription.<\/p>\n\n\n\n<div class=\"wp-block-file has-primary-background-color has-background has-link-color wp-elements-dc8845a980bfeb0f864663b0ab9e10e2\" style=\"border-width:1px;margin-right:0;margin-left:0;padding-top:0;padding-right:var(--wp--preset--spacing--30);padding-bottom:0;padding-left:var(--wp--preset--spacing--30)\"><a id=\"wp-block-file--media-195d9414-57aa-4769-9e7c-62a947dd2112\" href=\"https:\/\/clubcecare.fr\/wp-content\/uploads\/2026\/04\/adhesioncecareV2-1.pdf\" target=\"_blank\" rel=\"noreferrer noopener\">1. Le formulaire d&rsquo;adh\u00e9sion<\/a><\/div>\n\n\n\n<div class=\"wp-block-file has-primary-background-color has-background has-link-color wp-elements-c44a0e58accce786039b088c53edd26a\" style=\"border-width:1px;margin-right:0;margin-left:0;padding-top:0;padding-right:var(--wp--preset--spacing--30);padding-bottom:0;padding-left:var(--wp--preset--spacing--30)\"><a id=\"wp-block-file--media-938a4596-9e9a-4dff-bc10-5da14b1db558\" href=\"https:\/\/clubcecare.fr\/wp-content\/uploads\/2026\/04\/renseignementcecareV2.pdf\" target=\"_blank\" rel=\"noreferrer noopener\">2.  La fiche de renseignements<\/a><\/div>\n\n\n\n<div class=\"wp-block-file has-primary-background-color has-background has-link-color wp-elements-97ec7195474856ab5495d37bdec09f6f\" style=\"border-width:1px;margin-right:0;margin-left:0;padding-top:0;padding-right:var(--wp--preset--spacing--30);padding-bottom:0;padding-left:var(--wp--preset--spacing--30)\"><a id=\"wp-block-file--media-657e9aa2-d16e-434d-9cb4-57f6005be6f5\" href=\"https:\/\/clubcecare.fr\/wp-content\/uploads\/2026\/04\/attestation-sur-lhonneur-non-maltraitance-V2.pdf\" target=\"_blank\" rel=\"noreferrer noopener\">3. l&rsquo;attestation sur l&rsquo;honneur de non maltraitance<\/a><\/div>\n\n\n\n<div class=\"wp-block-file has-primary-background-color has-background has-link-color wp-elements-3f2912740851fb7c6d1576147da616d8\" style=\"border-width:1px;margin-right:0;margin-left:0;padding-top:0;padding-right:var(--wp--preset--spacing--30);padding-bottom:0;padding-left:var(--wp--preset--spacing--30)\"><a id=\"wp-block-file--media-420ff398-462c-471a-984c-727116843643\" href=\"https:\/\/clubcecare.fr\/wp-content\/uploads\/2026\/04\/droit-a-limage.pdf\" target=\"_blank\" rel=\"noreferrer noopener\">4. l&rsquo;autorisation du droit \u00e0 l&rsquo;image<\/a><\/div>\n\n\n\n<div class=\"wp-block-file has-primary-background-color has-background has-link-color wp-elements-08447537e0ef17d83e557f6079aebbf0\" style=\"border-width:1px;margin-right:0;margin-left:0;padding-top:0;padding-right:var(--wp--preset--spacing--30);padding-bottom:0;padding-left:var(--wp--preset--spacing--30)\"><a id=\"wp-block-file--media-dfc1961f-3e60-409d-a97d-313009c63646\" href=\"https:\/\/clubcecare.fr\/wp-content\/uploads\/2026\/04\/COUPON-mention-manuscrite.pdf\" target=\"_blank\" rel=\"noreferrer noopener\">5. L&rsquo;attestation du r\u00e9glement<\/a><\/div>\n\n\n\n<div class=\"wp-block-file has-primary-background-color has-background has-link-color wp-elements-32fe9116ca98775e1cfeb8ea77499710\" style=\"border-width:1px;margin-right:0;margin-left:0;padding-top:0;padding-right:var(--wp--preset--spacing--30);padding-bottom:0;padding-left:var(--wp--preset--spacing--30)\"><a id=\"wp-block-file--media-42cdc8ab-e63c-46a0-b8bc-7c407187286d\" href=\"https:\/\/clubcecare.fr\/wp-content\/uploads\/2026\/04\/autorisationparentaleV2.pdf\" target=\"_blank\" rel=\"noreferrer noopener\">6. Pour les mineurs, \u00ab\u00a0<em>l&rsquo;autorisation parentale<\/em>\u00ab\u00a0<\/a><\/div>\n\n\n\n<h3 class=\"wp-block-heading has-secondary-third-color has-text-color has-background has-link-color has-medium-font-size wp-elements-b597843393d125cd9b64729340a76080\" style=\"background-color:#7b5b45\">3. Pr\u00e9parer les pi\u00e8ces justificatives<\/h3>\n\n\n\n<p>Les documents justificatifs suivants sont n\u00e9cessaires lors de l&rsquo;inscription:<\/p>\n\n\n\n<ul class=\"wp-block-list\">\n<li>La photocopie de la <em>carte d\u2019identification (tatouage ou puce)<\/em><\/li>\n\n\n\n<li>La photocopie carnet de vaccination page <em>toux du chenil <strong>accompagn\u00e9e du carnet de vaccination<\/strong><\/em><\/li>\n\n\n\n<li>Une attestation d\u2019<em>assurance responsabilit\u00e9 civile<\/em><\/li>\n\n\n\n<li>L&rsquo;inscription <em>LOF<\/em> si concern\u00e9<\/li>\n\n\n\n<li>Le <em>r\u00e8glement <\/em>des frais d&rsquo;inscription<\/li>\n<\/ul>\n\n\n\n<h3 class=\"wp-block-heading has-secondary-third-color has-text-color has-background has-link-color has-medium-font-size wp-elements-107606113c580297bbac1db4afb7a7c3\" style=\"background-color:#7b5b45\">4. Transmettre le dossier complet<\/h3>\n\n\n\n<p>Le dossier d\u2019inscription devra \u00eatre remis complet, accompagn\u00e9 de l\u2019ensemble des pi\u00e8ces demand\u00e9es.<\/p>\n\n\n\n<h3 class=\"wp-block-heading has-secondary-third-color has-text-color has-background has-link-color has-medium-font-size wp-elements-4fc344104dbb9775a38033964243304e\" style=\"background-color:#7b5b45\">5. Validation de l\u2019inscription<\/h3>\n\n\n\n<p>L\u2019inscription sera prise en compte apr\u00e8s v\u00e9rification du dossier complet par le club.<\/p>\n\n\n\n<p><\/p>\n","protected":false},"excerpt":{"rendered":"<p>Bienvenue sur notre page d\u00e9di\u00e9e aux inscriptions au club.Vous trouverez ici toutes les informations utiles pour pr\u00e9parer votre dossier et t\u00e9l\u00e9charger les documents n\u00e9cessaires. L\u2019objectif est de vous permettre de r\u00e9aliser votre inscription simplement, avec toutes les pi\u00e8ces demand\u00e9es r\u00e9unies au m\u00eame endroit. Avant tout inscription d\u00e9finitive, nous vous proposons 2 cours d&rsquo;essai afin de [&hellip;]<\/p>\n","protected":false},"author":2,"featured_media":0,"parent":0,"menu_order":0,"comment_status":"closed","ping_status":"closed","template":"","meta":{"footnotes":""},"class_list":["post-431","page","type-page","status-publish","hentry"],"_links":{"self":[{"href":"https:\/\/clubcecare.fr\/index.php?rest_route=\/wp\/v2\/pages\/431","targetHints":{"allow":["GET"]}}],"collection":[{"href":"https:\/\/clubcecare.fr\/index.php?rest_route=\/wp\/v2\/pages"}],"about":[{"href":"https:\/\/clubcecare.fr\/index.php?rest_route=\/wp\/v2\/types\/page"}],"author":[{"embeddable":true,"href":"https:\/\/clubcecare.fr\/index.php?rest_route=\/wp\/v2\/users\/2"}],"replies":[{"embeddable":true,"href":"https:\/\/clubcecare.fr\/index.php?rest_route=%2Fwp%2Fv2%2Fcomments&post=431"}],"version-history":[{"count":23,"href":"https:\/\/clubcecare.fr\/index.php?rest_route=\/wp\/v2\/pages\/431\/revisions"}],"predecessor-version":[{"id":475,"href":"https:\/\/clubcecare.fr\/index.php?rest_route=\/wp\/v2\/pages\/431\/revisions\/475"}],"wp:attachment":[{"href":"https:\/\/clubcecare.fr\/index.php?rest_route=%2Fwp%2Fv2%2Fmedia&parent=431"}],"curies":[{"name":"wp","href":"https:\/\/api.w.org\/{rel}","templated":true}]}}